t is the hundreds digit of 5647681?
6
What is the hundreds digit of 337399?
3
What is the hundreds digit of 7208?
2
What is the tens digit of 619160?
6
What is the ten millions digit of 17812574?
1
What is the thousands digit of 2021640?
1
What is the hundreds digit of 4185425?
4
What is the ten thousands digit of 221820?
2
What is the ten thousands digit of 4298225?
9
What is the hundred thousands digit of 449023?
4
What is the millions digit of 2315308?
2
What is the hundred thousands digit of 490064?
4
What is the tens digit of 37725?
2
What is the ten thousands digit of 208706?
0
What is the ten thousands digit of 835370?
3
What is the millions digit of 1080437?
1
What is the thousands digit of 7588813?
8
What is the thousands digit of 1474153?
4
What is the units digit of 33286839?
9
What is the units digit of 241354?
4
What is the tens digit of 5428808?
0
What is the hundreds digit of 657643?
6
What is the hundreds digit of 1676557?
5
What is the hundred thousands digit of 1825007?
8
What is the thousands digit of 3624356?
4
What is the hundreds digit of 24096260?
2
What is the hundred thousands digit of 1737208?
7
What is the hundreds digit of 5157440?
4
What is the tens digit of 97585?
8
What is the hundred thousands digit of 222239?
2
What is the tens digit of 36169355?
5
What is the millions digit of 4500568?
4
What is the tens digit of 308375?
7
What is the thousands digit of 15461303?
1
What is the thousands digit of 2161435?
1
What is the hundreds digit of 1330013?
0
What is the ten thousands digit of 403659?
0
What is the hundred thousands digit of 803137?
8
What is the units digit of 1491411?
1
What is the hundred thousands digit of 186915?
1
What is the thousands digit of 140347?
0
What is the hundreds digit of 19075520?
5
What is the units digit of 855413?
3
What is the units digit of 28449?
9
What is the units digit of 7600203?
3
What is the millions digit of 1808677?
1
What is the hundred thousands digit of 30960123?
9
What is the ten thousands digit of 12557514?
5
What is the tens digit of 815202?
0
What is the thousands digit of 1427672?
7
What is the thousands digit of 214712?
4
What is the hundreds digit of 6272343?
3
What is the tens digit of 218277?
7
What is the thousands digit of 577123?
7
What is the units digit of 4913439?
9
What is the hundreds digit of 2903027?
0
What is the tens digit of 98564?
6
What is the units digit of 631301?
1
What is the units digit of 996108?
8
What is the millions digit of 12486300?
2
What is the tens digit of 2490763?
6
What is the hundred thousands digit of 36887442?
8
What is the tens digit of 25142039?
3
What is the hundreds digit of 512392?
3
What is the hundreds digit of 8698086?
0
What is the thousands digit of 535439?
5
What is the thousands digit of 149196?
9
What is the ten thousands digit of 86050?
8
What is the ten millions digit of 36572085?
3
What is the hundred thousands digit of 186042?
1
What is the thousands digit of 3115762?
5
What is the millions digit of 28670015?
8
What is the thousands digit of 2435904?
5
What is the hundred thousands digit of 2466810?
4
What is the ten thousands digit of 285719?
8
What is the thousands digit of 785461?
5
What is the hundred thousands digit of 294326?
2
What is the ten thousands digit of 165353?
6
What is the ten thousands digit of 4771652?
7
What is the units digit of 1531090?
0
What is the tens digit of 241628?
2
What is the tens digit of 151811?
1
What is the ten thousands digit of 11190536?
9
What is the tens digit of 2215969?
6
What is the units digit of 2176847?
7
What is the hundreds digit of 898180?
1
What is the units digit of 10752612?
2
What is the ten thousands digit of 5011741?
1
What is the units digit of 7026539?
9
What is the hundred thousands digit of 203105?
2
What is the thousands digit of 228711?
8
What is the hundred thousands digit of 309618?
3
What is the tens digit of 244669?
6
What is the thousands digit of 217383?
7
What is the tens digit of 1231743?
4
What is the ten thousands digit of 1268396?
6
What is the tens digit of 116044?
4
What is the hundreds digit of 1416658?
6
What is the tens digit of 641577?
7
What is the units digit of 196687?
7
What is the ten thousands digit of 14391367?
9
What is the units digit of 23369?
9
What is the ten thousands digit of 226890?
2
What is the ten thousands digit of 1081206?
8
What is the ten thousands digit of 138074?
3
What is the thousands digit of 417104?
7
What is the thousands digit of 496583?
6
What is the tens digit of 2298500?
0
What is the hundreds digit of 3296959?
9
What is the thousands digit of 898361?
8
What is the hundreds digit of 110104?
1
What is the units digit of 1340914?
4
What is the millions digit of 12369942?
2
What is the ten thousands digit of 1919598?
1
What is the tens digit of 605729?
2
What is the tens digit of 460433?
3
What is the hundreds digit of 8888324?
3
What is the hundred thousands digit of 264579?
2
What is the millions digit of 1390008?
1
What is the tens digit of 2054436?
3
What is the tens digit of 1725794?
9
What is the thousands digit of 125703?
5
What is the units digit of 2264525?
5
What is the hundreds digit of 9640864?
8
What is the units digit of 348288?
8
What is the millions digit of 4115806?
4
What is the hundred thousands digit of 3982467?
9
What is the units digit of 411740?
0
What is the hundreds digit of 4337558?
5
What is the units digit of 2297939?
9
What is the tens digit of 893690?
9
What is the thousands digit of 1411841?
1
What is the hundreds digit of 8594959?
9
What is the ten thousands digit of 1414556?
1
What is the hundred thousands digit of 260369?
2
What is the units digit of 1613232?
2
What is the units digit of 690266?
6
What is the units digit of 899104?
4
What is the ten millions digit of 28355130?
2
What is the units digit of 141217?
7
What is the units digit of 39377704?
4
What is the thousands digit of 426495?
6
What is the hundreds digit of 1560046?
0
What is the units digit of 8820287?
7
What is the thousands digit of 30723?
0
What is the tens digit of 345276?
7
What is the ten thousands digit of 1630651?
3
What is the hundreds digit of 796461?
4
What is the ten millions digit of 25485403?
2
What is the ten millions digit of 29700775?
2
What is the tens digit of 313335?
3
What is the thousands digit of 223889?
3
What is the tens digit of 516170?
7
What is the units digit of 43553?
3
What is the tens digit of 225065?
6
What is the thousands digit of 1947543?
7
What is the hundreds digit of 5145551?
5
What is the units digit of 2631593?
3
What is the thousands digit of 8111801?
1
What is the hundred thousands digit of 168955?
1
What is the hundred thousands digit of 359033?
3
What is the hundreds digit of 137829?
8
What is the units digit of 241816?
6
What is the hundred thousands digit of 5727915?
7
What is the thousands digit of 4526816?
6
What is the units digit of 579040?
0
What is the hundred thousands digit of 30944636?
9
What is the millions digit of 5584472?
5
What is the ten thousands digit of 1981163?
8
What is the hundreds digit of 1823643?
6
What is the units digit of 3630691?
1
What is the ten thousands digit of 464667?
6
What is the ten thousands digit of 291101?
9
What is the hundreds digit of 926615?
6
What is the hundred thousands digit of 706999?
7
What is the units digit of 472678?
8
What is the thousands digit of 33579248?
9
What is the tens digit of 10635515?
1
What is the hundreds digit of 223205?
2
What is the units digit of 869806?
6
What is the hundreds digit of 792248?
2
What is the units digit of 5117219?
9
What is the tens digit of 7067878?
7
What is the hundred thousands digit of 3385518?
3
What is the thousands digit of 3407477?
7
What is the thousands digit of 277017?
7
What is the tens digit of 1143026?
2
What is the hundred thousands digit of 717113?
7
What is the hundred thousands digit of 17015805?
0
What is the thousands digit of 329474?
9
What is the thousands digit of 32758345?
8
What is the hundreds digit of 5694021?
0
What is the units digit of 1598302?
2
What is the hundred thousands digit of 252747?
2
What is the thousands digit of 644325?
4
What is the tens digit of 1407784?
8
What is the hundreds digit of 65646?
6
What is the hundred thousand